Let n(p) = 73 - 2*p - 38 - 38 + 2*p**2. Let m be n(3). Let a = 10 + m. What is the remainder when 72 is divided by a?
15
Suppose o + 0*s + 4*s = -11, -o = -s - 14. Suppose -2*p + h = -120, 3*p + 7*h = o*h + 180. What is the remainder when 239 is divided by p?
59
Suppose -3*v + n + 14908 = 0, 144*n - 19873 = -4*v + 141*n. Calculate the remainder when v is divided by 44.
41
Let k = -14519 + 15490. What is the remainder when k is divided by 479?
13
Suppose -4*g + 5*g = 31. Let t be -1 + -4 + 5 + 2. Calculate the remainder when t*13*(-98)/(-28) is divided by g.
29
Calculate the remainder when 187 is divided by (16/(-12))/((-38)/855).
7
Let a(m) = 8*m**2 + 9*m - 5. Let b(z) = z**2 - 23*z - 69. What is the remainder when a(4) is divided by b(26)?
6
Let p(l) = -3*l - 300. Let k be p(-8). Let a = 427 + k. What is the remainder when a is divided by 17?
15
Let r(h) = -15*h**2 - 2*h - 1. Let y(w) = -w**2 + 7*w - 13. Let d be y(4). Let v be r(d). What is the remainder when v*(0 + -2 - 0) is divided by 11?
6
Let f(p) = -2*p**2 + 11*p + 55. Let s be f(9). Calculate the remainder when (-3)/(-6) - 420/s is divided by 35.
18
Let o = 11 - 3. Suppose -4*l + 8 = -16. Suppose l*s - 686 + 452 = 0. What is the remainder when s is divided by o?
7
Suppose 3*f - 1 = 4*f, 2*w = 3*f + 47. Suppose 0 = -7*n - 281 + w. Let p = n - -76. Calculate the remainder when p is divided by 10.
9
Suppose -54*w + 10666 - 11314 = 0. Let y(a) = a**3 + 4*a**2 - a - 2. Let l be y(-4). Calculate the remainder when 123 is divided by 291/7 - (w/14)/l.
39
Let j be 2145/(-26) + (-6)/4. Let i = j + 129. Calculate the remainder when i is divided by 8.
5
Let o(h) = 134*h**2 - 120*h**2 - 13 + 2*h + 64. What is the remainder when o(-5) is divided by 49?
48
Suppose 489 = 2*t - b, 38*t - 42*t = -4*b - 976. Calculate the remainder when 499 is divided by t.
9
Let x = -107 - -154. Suppose 17*j = 18*j - 3. Suppose 3*t = j, -3*l - 2*t = -4*l + 4. Calculate the remainder when x is divided by l.
5
Calculate the remainder when (20 + -10)*-1 - -226 is divided by 111.
105
Let b be 19 - 4/(8/10). Suppose -30*x + b*x = -736. Calculate the remainder when x is divided by (-2)/6 + 62/6.
6
Let x = -3 + 117. Calculate the remainder when x is divided by (13/2)/((344/(-430))/((-16)/10)).
10
What is the remainder when ((-11294)/(-42) - -2) + 170/1785 is divided by 2?
1
Let f(x) = x**3 - 6*x**2 - 10*x + 15. Let h(t) = -t**3 + 5*t**2 - 8*t + 8. Let m be h(4). What is the remainder when f(8) is divided by m*((0 - 2) + 0)?
15
Suppose 355 - 377 = -11*c. Suppose -360 = -c*r - 24. Calculate the remainder when r is divided by 25.
18
Suppose -4*f = -5*p - 401, -796 = 12*f - 20*f + 4*p. What is the remainder when f is divided by (31/4)/((-2)/(-8))?
6
Suppose -2*y - 14*x = -11*x - 565, y - 4*x = 255. Suppose 2*q + 5*a - y = 0, 2*q - 5*a + 4*a - 281 = 0. What is the remainder when q is divided by 56?
28
Let a(v) = 127*v + 4246. Calculate the remainder when a(-22) is divided by 133.
122
Let p(j) be the first derivative of -j**3/3 + 9*j**2/2 + 8*j - 43. What is the remainder when p(8) is divided by 13?
3
Let v = 3060 - 1149. What is the remainder when (-4)/(-20)*-3 - v/(-35) is divided by 14?
12
Let a(f) = 63*f - 57. Suppose -189 - 9 = -9*h. What is the remainder when a(2) is divided by h?
3
Let w be ((-48)/30)/((-28)/(-770)). What is the remainder when 54 is divided by w/(-3) - 17/((-51)/(-2))?
12
Suppose 4635 + 128 = 3*b - k, -3*b + 4767 = -3*k. Suppose -5*d = 2*l - b, -4*d + 1265 = -0*d - 3*l. What is the remainder when d is divided by 80?
77
Suppose 18*h + 21*h = 36*h + 1035. What is the remainder when 359 is divided by h?
14
Calculate the remainder when 426 is divided by (-4)/10 + (-694)/(-10).
12
Suppose -3*q + 12 = 0, -l + 5*q - 10*q + 85 = 0. Suppose -21 = -l*u + 64*u. What is the remainder when u is divided by 13?
8
Suppose 2*b + 3*p = -3*b - 55, -5*p - 22 = 2*b. Let s(r) = -7*r - 48. Calculate the remainder when 260 is divided by s(b).
28
Let g be 4/((-16)/(-540)) + -4. Suppose -3*h - 2*a = -g, 61 = h + 4*a + a. Let l(v) = -v**2 - 9*v - 13. Calculate the remainder when h is divided by l(-5).
6
Suppose -q + 5*c = 315, 8*c + 1535 = -5*q + 13*c. Let n = q - -317. Calculate the remainder when 45 is divided by n.
9
Suppose 0 = 3*r - 6*r. Suppose -5*b + 3*n + 262 = r, 5*b - 2*n - 264 = -n. Let s(v) = 120*v + 859. Calculate the remainder when b is divided by s(-7).
15
Let m(b) = -b - 15. Let z be m(36). Let x(h) = -3*h**3 + h**2 + 3*h + 2. Calculate the remainder when 7/(-14)*10 - z is divided by x(-2).
22
Let s = 24 + 6. Suppose s = 12*k + 6. Calculate the remainder when 16 is divided by k.
0
Suppose 256*u - 319*u + 51471 = 0. Calculate the remainder when u is divided by 21.
19
Let c(y) = 12*y - 195. Let x = -574 + 594. Let b(n) = 9*n - 1. What is the remainder when c(x) is divided by b(1)?
5
Let q(c) = 4*c + 2. Let s be (-18)/(-8)*16/6. Let p = 65082 + -65006. What is the remainder when p is divided by q(s)?
24
Suppose 10*q - 160 - 280 = 0. Calculate the remainder when 2991 is divided by q.
43
What is the remainder when (-2*6/16)/(495/(-218460)) is divided by 127?
77
Suppose 58*r = -43*r + 7373. What is the remainder when 354 is divided by r?
62
Suppose -4*z = -3*l + 856, l - 378 = 2*z - 94. What is the remainder when 34 is divided by ((-24)/10)/((l/(-60))/12)?
4
Suppose 0 = -j + 278 + 107. Suppose 2*v = 3*t + 3*v - 248, 5*t - j = 4*v. Let u = t + -59. What is the remainder when u is divided by 6?
4
Suppose -5 = -7*y + 6*y. Let d = y - 1. Suppose 2*q - 5*z - 102 = 0, -4*q + 168 = d*z - 5*z. Calculate the remainder when q is divided by 11.
8
Suppose 0 = 5*c - 1522 - 1128. Suppose -5*v = l - 3, 2*l - 12 = -2*l - 4*v. Suppose 2*q + l*q = c. Calculate the remainder when q is divided by 27.
25
Let v be (-1 - -5 - -68)/((-2)/(-9)). Calculate the remainder when 116 is divided by -3*((-1476)/v - (-2)/9).
12
Let k(i) = -i**2 - 39*i - 184. Let u be k(-29). Suppose -u*d + 113*d = 742. What is the remainder when d is divided by 3?
1
Let d be (7/3)/(2/12*2). Suppose 0 = 8*c + d - 47. Suppose 10 = 5*j + c*z, 2*j = 5*z + 19 + 13. Calculate the remainder when 21 is divided by j.
3
Let r(h) = -h**2 - 5*h - 5. Let b be r(-6). Suppose 32 = -5*o + 12, 49 = -a - 2*o. Let s = b - a. What is the remainder when s is divided by 16?
14
Suppose -f + 266 = w, 8*f + 8 = 9*f. Calculate the remainder when 890 is divided by w.
116
Suppose 2*s + 5*s = 766 + 186. Calculate the remainder when 10335 is divided by s.
135
Suppose 0*k - 2*s = 3*k + 13, s = k + 6. Let n(z) = -z**3 - 2*z**2 - 5*z + 3. Suppose 3517*y - 3507*y = 180. Calculate the remainder when n(k) is divided by y.
13
Let p(k) = 2*k**3 - 4*k**2 + 37*k - 241. Calculate the remainder when p(5) is divided by 68.
26
Suppose 56658 - 10479 = 7*u. Calculate the remainder when u is divided by 11.
8
Let h(m) = 1259*m**2 - 40*m + 17. What is the remainder when h(1) is divided by 239?
41
Let i = -86 - -90. Suppose -2*v = p - 64, -p + 38 + 32 = i*v. Suppose 24 = 2*s + j, 0 = -3*s - j + p - 23. Calculate the remainder when s is divided by 6.
5
Let o(j) = 13*j**2 + 0*j**2 + 36*j**3 - 2*j**2 - 15 + 4*j - 37*j**3 + 16*j**2. What is the remainder when o(27) is divided by 20?
13
Let q(m) = -235*m - 1331. Let l(b) = 47*b + 266. Let y(v) = 11*l(v) + 2*q(v). Calculate the remainder when 43 is divided by y(-5).
14
Suppose -16*s + 66 = -5*s. Let o = -99 + 21. Calculate the remainder when 10/s - (-2)/6 - o is divided by 27.
26
Suppose 0 = 2*w + 3*d - 236, -4*w - 10*d + 442 = -9*d. What is the remainder when w is divided by 38?
33
Let b be (-5)/(2 - -3)*-57. Suppose 2*i + i - b = 0. Suppose 5*l - 335 = -5*g, -3*g - 4*l + 0*l + 198 = 0. What is the remainder when g is divided by i?
13
Suppose 0*y - 3*p + 163 = 2*y, y - 4*p - 65 = 0. Suppose -b = -3*j + y - 238, 2*b + 42 = -j. Calculate the remainder when 23 is divided by -2*(3 - j/(-8)).
2
Let a(w) = -4*w**2 + 5*w + 16 + 9 + 13 - 32 + w**3. What is the remainder when 91 is divided by a(4)?
13
Let s = 97 - 95. Suppose 19 = -s*y + 27. Let u(l) = -l**3 + 9*l**2 - 7*l + 4. Calculate the remainder when u(y) is divided by 15.
11
Suppose -4*w - 6*y + 4*y + 362 = 0, 0 = -5*y + 5. Let u = w + -61. What is the remainder when 128 is divided by u?
12
Let x be 2/8 - (-1355)/20. Suppose 